hen 227 is divided by 52?
19
Calculate the remainder when 847 is divided by 27.
10
What is the remainder when 2463 is divided by 44?
43
What is the remainder when 498 is divided by 164?
6
Calculate the remainder when 2401 is divided by 598.
9
Calculate the remainder when 380 is divided by 51.
23
Calculate the remainder when 1673 is divided by 45.
8
Calculate the remainder when 209 is divided by 66.
11
What is the remainder when 117 is divided by 26?
13
Calculate the remainder when 779 is divided by 46.
43
Calculate the remainder when 22167 is divided by 136.
135
Calculate the remainder when 14629 is divided by 236.
233
What is the remainder when 678 is divided by 282?
114
What is the remainder when 162 is divided by 43?
33
Calculate the remainder when 211 is divided by 6.
1
Calculate the remainder when 480 is divided by 120.
0
What is the remainder when 71 is divided by 20?
11
Calculate the remainder when 728 is divided by 43.
40
Calculate the remainder when 64 is divided by 20.
4
What is the remainder when 75 is divided by 4?
3
Calculate the remainder when 42481 is divided by 357.
355
Calculate the remainder when 2052 is divided by 46.
28
Calculate the remainder when 96 is divided by 41.
14
Calculate the remainder when 108 is divided by 28.
24
Calculate the remainder when 2021 is divided by 23.
20
What is the remainder when 1299 is divided by 62?
59
What is the remainder when 1780 is divided by 128?
116
What is the remainder when 2456 is divided by 415?
381
Calculate the remainder when 269 is divided by 158.
111
What is the remainder when 142 is divided by 65?
12
Calculate the remainder when 5286 is divided by 46.
42
What is the remainder when 293 is divided by 4?
1
What is the remainder when 142 is divided by 9?
7
What is the remainder when 198 is divided by 29?
24
Calculate the remainder when 855 is divided by 295.
265
What is the remainder when 2649 is divided by 178?
157
Calculate the remainder when 1632 is divided by 63.
57
What is the remainder when 62 is divided by 17?
11
What is the remainder when 61 is divided by 15?
1
What is the remainder when 9916 is divided by 57?
55
What is the remainder when 1882 is divided by 145?
142
What is the remainder when 230 is divided by 58?
56
Calculate the remainder when 2514 is divided by 15.
9
What is the remainder when 263 is divided by 51?
8
What is the remainder when 410 is divided by 103?
101
What is the remainder when 815 is divided by 7?
3
Calculate the remainder when 4137 is divided by 101.
97
Calculate the remainder when 537 is divided by 37.
19
What is the remainder when 381 is divided by 96?
93
What is the remainder when 530 is divided by 6?
2
Calculate the remainder when 2877 is divided by 67.
63
What is the remainder when 45 is divided by 23?
22
What is the remainder when 848 is divided by 71?
67
Calculate the remainder when 1589 is divided by 313.
24
Calculate the remainder when 157 is divided by 40.
37
Calculate the remainder when 189 is divided by 96.
93
What is the remainder when 89 is divided by 54?
35
What is the remainder when 71 is divided by 39?
32
Calculate the remainder when 29 is divided by 9.
2
What is the remainder when 1913 is divided by 64?
57
What is the remainder when 93 is divided by 24?
21
What is the remainder when 170 is divided by 16?
10
What is the remainder when 287 is divided by 50?
37
What is the remainder when 149 is divided by 14?
9
What is the remainder when 85 is divided by 46?
39
Calculate the remainder when 967 is divided by 470.
27
What is the remainder when 14889 is divided by 204?
201
What is the remainder when 521 is divided by 75?
71
Calculate the remainder when 272 is divided by 102.
68
What is the remainder when 403 is divided by 45?
43
What is the remainder when 197 is divided by 63?
8
What is the remainder when 2531 is divided by 24?
11
Calculate the remainder when 286 is divided by 41.
40
Calculate the remainder when 449 is divided by 41.
39
Calculate the remainder when 1685 is divided by 204.
53
What is the remainder when 357 is divided by 120?
117
What is the remainder when 5854 is divided by 47?
26
Calculate the remainder when 655 is divided by 95.
85
What is the remainder when 120 is divided by 62?
58
What is the remainder when 2465 is divided by 59?
46
What is the remainder when 211 is divided by 10?
1
Calculate the remainder when 885 is divided by 74.
71
What is the remainder when 111 is divided by 62?
49
What is the remainder when 1356 is divided by 59?
58
What is the remainder when 229 is divided by 119?
110
What is the remainder when 1320 is divided by 21?
18
Calculate the remainder when 989 is divided by 90.
89
What is the remainder when 646 is divided by 231?
184
What is the remainder when 3281 is divided by 1638?
5
Calculate the remainder when 1173 is divided by 498.
177
What is the remainder when 1355 is divided by 59?
57
Calculate the remainder when 11348 is divided by 3780.
8
What is the remainder when 1785 is divided by 38?
37
What is the remainder when 162 is divided by 5?
2
What is the remainder when 242 is divided by 83?
76
What is the remainder when 429 is divided by 72?
69
What is the remainder when 5468 is divided by 16?
12
What is the remainder when 1384 is divided by 77?
75
What is the remainder when 126 is divided by 18?
0
Calculate the remainder when 692 is divided by 11.
10
Calculate the remainder when 41 is divided by 16.
9
What is the remainder when 118 is divided by 24?
22
Calculate the remainder when 1715 is divided by 78.
77
Calculate the remainder when 80 is divided by 38.
4
What is the remainder when 1892 is divided by 16?
4
Calculate the remainder when 985 is divided by 13.
10
Calculate the remainder when 63 is divided by 9.
0
Calculate the remainder when 3594 is divided by 20.
14
What is the remainder when 1176 is divided by 570?
36
Calculate the remainder when 268 is divided by 27.
25
What is the remainder when 588 is divided by 280?
28
What is the remainder when 339 is divided by 124?
91
Calculate the remainder when 516 is divided by 37.
35
Calculate the remainder when 276 is divided by 77.
45
Calculate the remainder when 379 is divided by 87.
31
Calculate the remainder when 606 is divided by 147.
18
Calculate the remainder when 178 is divided by 36.
34
What is the remainder when 180 is divided by 20?
0
Calculate the remainder when 439 is divided by 72.
7
Calculate the remainder when 924 is divided by 7.
0
What is the remainder when 53 is divided by 26?
1
What is the remainder when 973 is divided by 69?
7
Calculate the remainder when 15 is divided by 9.
6
Calculate the remainder when 144 is divided by 54.
36
Calculate the remainder when 2020 is divided by 75.
70
Calculate the remainder when 177 is divided by 9.
6
Calculate the remainder when 49 is divided by 9.
4
Calculate the remainder when 74 is divided by 34.
6
What is the remainder when 1278 is divided by 38?
24
What is the remainder when 5547 is divided by 146?
145
What is the remainder when 175 is divided by 12?
7
What is the remainder when 1062 is divided by 13?
9
What is the remainder when 1143 is divided by 1133?
10
What is the remainder when 217 is divided by 10?
7
Calculate the remainder when 236 is divided by 83.
70
Calculate the remainder when 81 is divided by 43.
38
What is the remainder when 149 is divided by 22?
17
What is the remainder when 155 is divided by 34?
19
Calculate the remainder when 148 is divided by 17.
12
What is the remainder when 407 is divided by 390?
17
What is the remainder when 449 is divided by 23?
12
What is the remainder when 60 is divided by 33?
27
What is the remainder when 311 is divided by 63?
59
Calculate the remainder when 810 is divided by 5.
0
What is the remainder when 846 is divided by 281?
3
What is the remainder when 223 is divided by 4?
3
Calculate the remainder when 1886 is divided by 172.
166
What is the remainder when 191 is divided by 77?
37
Calculate the remainder when 70 is divided by 9.
7
Calculate the remainder when 183 is divided by 23.
22
Calculate the remainder when 58 is divided by 58.
0
Calculate the remainder when 87 is divided by 10.
7
Calculate the remainder when 185 is divided by 38.
33
Calculate the remainder when 2491 is divided by 78.
73
What is the remainder when 119 is divided by